 - 25*r**2 - 44*r + 38. Give z(14).
10
Let b(d) = -50*d**2 + 415*d - 457. Give b(7).
-2
Let m(k) = k**3 - 58*k**2 - 57*k - 118. Calculate m(59).
0
Let f(k) = k**3 - 57*k**2 + 57*k - 55. What is f(56)?
1
Let s(p) = 5331*p + 26663. Determine s(-5).
8
Let a(y) = -28*y - 1716. Give a(-54).
-204
Let y(c) = -5*c**2 - 164*c + 84. Give y(-33).
51
Let p(c) = -3*c + 26. Calculate p(17).
-25
Let c(t) = 545*t - 3595. Calculate c(7).
220
Let f(m) = 393*m + 1182. Give f(-3).
3
Let n(f) = -f**2 + 31*f - 154. Determine n(6).
-4
Let v(o) = 2*o**2 + 84*o - 90. Calculate v(-43).
-4
Let u(y) = -84*y**2 + 9*y - 15. Give u(2).
-333
Let l(b) = b**2 + 92*b - 1227. Give l(-103).
-94
Let n(r) = 1504*r + 25556. Determine n(-17).
-12
Let k(i) = 8*i**3 - 71*i**2 + 9*i - 46. What is k(9)?
116
Let t(a) = -a**3 + 32*a**2 + 642*a + 87. Give t(46).
-5
Let t(w) = 51*w**2 + 3519*w + 43. Calculate t(-69).
43
Let q(n) = -9*n**2 - 31*n - 55. Determine q(-2).
-29
Let a(z) = 2*z**3 - 501*z**2 + 2221*z - 1717. Determine a(246).
5
Let s(z) = 2*z**3 - 4*z**2 - 90*z + 10. Give s(-6).
-26
Let k(v) = 231*v**2 + 2*v. Calculate k(1).
233
Let m(c) = -28*c + 288. Give m(8).
64
Let r(a) = -235*a**2 - 440*a - 439. Calculate r(-1).
-234
Let y(q) = 5*q**2 + 45*q - 358. Calculate y(7).
202
Let b(f) = f**2 + 51*f + 446. What is b(-35)?
-114
Let j(c) = -c**2 + 200*c - 2438. Give j(13).
-7
Let w(j) = j**3 - 42*j**2 + 209*j + 10. Give w(36).
-242
Let v(t) = 5*t**3 + 146*t**2 + 34*t + 51. Calculate v(-29).
-94
Let v(o) = 6*o**3 + 117*o**2 + 62*o + 82. Give v(-19).
-13
Let y(f) = -175*f**2 - 1053*f - 26. Give y(-6).
-8
Let s(w) = w**3 + 23*w**2 + 112. Calculate s(-23).
112
Let i(m) = m**2 + 14*m - 166. Determine i(-15).
-151
Let f(k) = -k**3 - 22*k**2 - k - 62. Calculate f(-22).
-40
Let k(h) = 2*h**2 - 24*h - 1290. Give k(-20).
-10
Let z(k) = 2*k**3 - 95*k**2 + 179*k + 14. What is z(2)?
8
Let c(t) = t**3 + 13*t**2 + 33*t. Give c(-3).
-9
Let t(m) = -180*m**2 + 3*m - 1. Determine t(1).
-178
Let l(g) = 31*g + 84. What is l(-3)?
-9
Let x(i) = i**3 + 49*i**2 - 52*i - 200. Calculate x(-50).
-100
Let n(d) = d**2 + 578*d - 18243. Give n(30).
-3
Let x(q) = 5*q - 38. Give x(8).
2
Let t(y) = 4*y + 51. What is t(-10)?
11
Let p(u) = 79*u + 493. Determine p(-6).
19
Let p(f) = -29*f + 641. Give p(22).
3
Let b(o) = o**3 - 149*o**2 + 161*o - 1919. Give b(148).
5
Let c(v) = -38*v - 886. Calculate c(-24).
26
Let c(x) = 7*x - 491. Calculate c(61).
-64
Let v(n) = -n**3 - 17*n**2 + 348*n - 34. Calculate v(12).
-34
Let u(a) = 386*a - 10521. Determine u(27).
-99
Let y(g) = 32*g - 50. Determine y(8).
206
Let u(a) = -a**3 + 2*a**2 - 9*a - 736. What is u(0)?
-736
Let p(t) = 3*t**2 + 4*t - 384. Calculate p(11).
23
Let l(f) = 5*f**2 + 21*f + 21. What is l(-5)?
41
Let y(b) = 70*b + 1921. Give y(-24).
241
Let w(a) = 17*a**2 - 101*a - 1. What is w(6)?
5
Let p(v) = -v**3 - 10*v**2 + 20*v + 53. Calculate p(-10).
-147
Let b(m) = -17*m**2 - 38*m + 9. Determine b(-4).
-111
Let r(u) = -u**2 - 82*u - 881. What is r(-12)?
-41
Let q(z) = -z**3 - 17*z**2 - 61*z + 7. Give q(-9).
-92
Let t(l) = l**2 - 34*l + 90. Calculate t(33).
57
Let b(c) = -c**2 - 2*c + 47. Calculate b(-7).
12
Let b(o) = 104*o + 943. Give b(-9).
7
Let b(z) = 25*z - 1316. Give b(54).
34
Let l(n) = 37*n - 17. Give l(-3).
-128
Let m(p) = 226*p + 8590. Give m(-38).
2
Let l(t) = -t**3 - 28*t**2 + 41*t - 7. Determine l(0).
-7
Let p(f) = -84*f - 458. What is p(-4)?
-122
Let j(t) = 22*t**2 + 21*t - 56. Determine j(3).
205
Let m(l) = -l**3 + 34*l**2 + 284*l + 114. What is m(41)?
-9
Let i(z) = -3*z**2 - 149*z + 909. What is i(-56)?
-155
Let j(v) = -v**3 + 21*v + 7. Determine j(0).
7
Let b(p) = 43*p - 36. What is b(-2)?
-122
Let v(g) = g**3 - 29*g**2 + 162*g + 7. What is v(7)?
63
Let o(l) = 1240*l + 22322. What is o(-18)?
2
Let t(h) = -5*h**2 - 61*h - 3. What is t(-12)?
9
Let i(s) = -s**2 + 9*s - 214. What is i(14)?
-284
Let p(l) = 6*l - 198. Calculate p(-35).
-408
Let s(h) = -3*h**2 - 242*h + 242. Calculate s(1).
-3
Let n(k) = -6*k + 53. Calculate n(15).
-37
Let r(m) = 4982*m - 103. Calculate r(0).
-103
Let m(h) = -141*h**2 + 423*h - 4. Give m(3).
-4
Let j(s) = -s**3 + 55*s**2 + 27*s + 1626. Calculate j(56).
2
Let q(n) = 49*n - 49. Calculate q(1).
0
Let m(t) = -190*t**2 - 1257*t + 515. What is m(-7)?
4
Let y(s) = -14*s - 160. Determine y(-25).
190
Let h(d) = -d**2 + 81*d + 1033. Calculate h(-12).
-83
Let b(f) = -44*f + 826. Calculate b(21).
-98
Let x(z) = 804*z + 323. Give x(-1).
-481
Let h(v) = -v**3 - 88*v**2 - 1852*v - 153555. Give h(-87).
0
Let o(t) = t**3 + 8*t**2 + 19*t + 40. Calculate o(-8).
-112
Let v(p) = -362*p + 1121. Determine v(3).
35
Let u(g) = g**3 + 28*g**2 + 48*g - 104. Calculate u(-26).
0
Let q(n) = n**3 + 11*n**2 + 18*n + 179. Determine q(-11).
-19
Let x(o) = -46*o - 883. Give x(-19).
-9
Let j(s) = s**2 + 21*s - 103. Calculate j(4).
-3
Let b(d) = -16*d + 1006. What is b(76)?
-210
Let h(f) = -22*f - 864. Determine h(-39).
-6
Let j(x) = -x**2 + 74*x - 207. Give j(71).
6
Let v(s) = s**3 + 20*s**2 - 12*s - 238. Give v(-20).
2
Let f(n) = -608*n + 4261. What is f(7)?
5
Let a(q) = q**3 - 14*q**2 - 17*q + 21. Give a(15).
-9
Let c(b) = -58*b + 2363. Determine c(40).
43
Let p(b) = 591*b + 7771. Give p(-13).
88
Let n(m) = 14*m + 258. Calculate n(-21).
-36
Let n(u) = -26*u + 504. Give n(19).
10
Let y(r) = -r**2 - 256*r - 9899. Determine y(-48).
85
Let i(p) = p**3 - 27*p**2 - 2*p + 72. What is i(27)?
18
Let k(h) = -h**3 - 17*h**2 + 21*h + 92. What is k(-18)?
38
Let j(m) = m**3 + 7*m**2 + 11*m - 4. Give j(-5).
-9
Let b(g) = 21659*g + 6. Determine b(0).
6
Let i(f) = -23*f**2 - 71*f + 72. Calculate i(1).
-22
Let c(p) = p**2 + 4978*p + 44731. What is c(-9)?
10
Let g(d) = -2*d**3 + 10*d**2 + 5*d + 53. Determine g(0).
53
Let b(c) = -6*c**3 + 36*c**2 - 5*c - 9. Determine b(6).
-39
Let b(f) = -138*f**2 + 681*f + 12. Determine b(5).
-33
Let m(w) = -4511*w - 17963. Give m(-4).
81
Let t(q) = -39*q - 45. Give t(0).
-45
Let b(o) = 217*o - 4113. Determine b(19).
10
Let p(g) = -g**3 + 101*g**2 - 103*g + 255. Determine p(100).
-45
Let w(z) = -69*z**2 + 828*z + 4. Calculate w(12).
4
Let z(v) = -25*v**2 - 4*v - 4. What is z(-1)?
-25
Let t(a) = -246*a - 1252. Calculate t(-5).
-22
Let v(w) = -7186*w - 4. What is v(0)?
-4
Let y(v) = -v**3 - 47*v**2 - 421*v - 8. Determine y(-12).
4
Let s(x) = 27*x - 160. What is s(-10)?
-430
Let z(t) = -42*t**2 - 95*t + 96. Calculate z(1).
-41
Let h(q) = 2*q**3 + 11*q**2 - 4*q - 34. What is h(-4)?
30
Let a(r) = -20*r**2 + 29*r - 79. Calculate a(4).
-283
Let g(x) = 1887*x - 9441. Calculate g(5).
-6
Let a(q) = -412*q + 9045. Calculate a(22).
-19
Let h(s) = 3*s**3 + 18*s**2 + 6*s - 13. Determine h(-7).
-202
Let v(d) = 2*d**3 - 31*d**2 - 15*d - 53. Calculate v(16).
-37
Let p(v) = -v**3 + 5*v**2 - 6*v + 17. Calculate p(5).
-13
Let z(x) = -91*x**2 - 458*x - 2. What is z(-5)?
13
Let h(z) = -z**3 + 8*z**2 + 56*z - 336. Determine h(5).
19
Let c(w) = w**3 + 3*w**2 - 340*w + 2. What is c(-20)?
2
Let a(p) = 47*p**2 - 615*p + 53. Give a(13).
1
Let a(m) = -m**3 - 42*m**2 - 153*m - 48. Calculate a(-38).
-10
Let r(g) = g**3 - 46*g**2 - 163*g + 782. Determine r(49).
-2
Let q(m) = -m**3 - 4*m**2 + 102*m + 3. What is q(-12)?
-69
Let u(c) = 1649*c - 56065. What is u(34)?
1
Let f(y) = -26*y + 106. What is f(19)?
-388
Let c(r) = -99*r - 2085. What is c(-21)?
-6
Let n(h) = -h**3 - 10*h**2 - 9*h - 52. Give n(-9).
-52
Let v(l) = -55*l + 1407. What is v(26)?
-23
Let q(y) = -244*y + 1328. What is q(5)?
108
Let m(g) = -49*g + 355. Calculate m(5).
110
Let c(s) = s**2 + 16*s - 1441. What is c(-51)?
344
Let u(m) = 2*m**2 - 50*m + 222. Give u(11).
-86
Let v(h) = -171*h + 1324. Calculate v(8).
-44
Let b(f) = 7*f**2 + 26*f - 4. Calculate b(-4).
4
Let u(t) = 31*t - 1084. Calculate u(35).
1
Let q(c) = 56*c**3 - 3*c - 2. What is q(-1)?
-55
Let k(n) = -2*n**2 - 426*n - 20159. Give k(-142).
5
Let i(l) = 136*l + 898. What is i(-7)?
-54
Let j(n) = -n**3 - 91*n**2 + 316*n + 3199. Give j(-94).
3
Let l(y) = -9*y + 106. Calculate l(2).
88
Let b(k) = k**3 - 10*k**2 - 16*k - 6. Determine b(10).
-166
Let v(i) = -i**3 - 278*i**2 - 865*i - 11006. Determine v(-275).
-6
Let y(g) = 8*g + 30. Give y(-4).
-2
Let i(n) = 41*n**2 - 10*n + 2. Give i(3).
341
Let h(l) = l**3 - 78*l**2 + 171*l - 1445. Give h(76).
-1
Let m(t) 